e -2*p - c = -5*s, -80 - 73 = -s + p. Is s a composite number?
False
Suppose 0 = 4*g - 13137 - 7259. Is g a composite number?
False
Suppose 52*d + 215190 = 106*d. Is d a composite number?
True
Let l(z) = -2*z**3 - 2*z**2 - z + 6. Let q be l(-5). Let c be -3*1 + (0 - -1). Is q - (3 - 3)/c composite?
False
Let x be 5 - -2*(-5)/10. Suppose x*i + 4*n = 296, -3*i + 228 = 6*n - n. Is i a prime number?
True
Let n(o) = -o - 7. Let g be n(-7). Suppose g = -22*c + 17*c + 16105. Is c prime?
True
Let l = -12377 + 18330. Is l a composite number?
False
Let t be 16 + 4686 - -3*(0 + -1). Suppose 0 = -8*y + 31091 - t. Is y composite?
False
Let i = 16 + -13. Is 6*1*29/i a composite number?
True
Suppose -a + 12 = -4*a. Is 28/a*-44 + -1 prime?
True
Let j = -112 + 113. Is j/((-1908)/(-1905) + -1) a prime number?
False
Let y(t) = -44*t + 38. Let q(o) = -29*o + 25. Let a(g) = -8*q(g) + 5*y(g). Suppose -23 = -4*c - 5*f, 0*c - c + 2*f = -9. Is a(c) composite?
True
Let x(m) be the third derivative of -m**4/12 - 4*m**3/3 + 6*m**2. Let q be x(-5). Suppose l = q*l - 538. Is l prime?
False
Is (1 + 0)*58008/24 a composite number?
False
Suppose -3*v + 1 = -2*v, 4*v - 138 = -2*b. Is b prime?
True
Suppose -t = -0*t - 3. Let a be 890/6 - 1/t. Suppose -a - 184 = -4*b. Is b composite?
False
Let z(x) = 3 - 60*x - 16*x + 24*x. Is z(-5) a prime number?
True
Let j be (2 - 3)*(-3 + -384 - 2). Let b = j + -232. Is b a prime number?
True
Suppose 3*f = -3*c + 19404, 6767 = 3*c - 2*f - 12632. Is c prime?
False
Is (-14018)/(-3)*((-88)/(-16) + -4) a prime number?
False
Suppose 0 = -4*f + 4, -2*s + 2*f + 23 = 7*f. Suppose 8*k - s = 5*k. Suppose -79 + 226 = k*t. Is t a prime number?
False
Let d(k) = -24*k**2 + 3 + k + 6*k**2 + 111*k**2. Let q be (90/(-4))/9 + (-1)/(-2). Is d(q) a composite number?
False
Let l(t) = 28*t - 15. Let n be l(-6). Let k = -80 - n. Is k a composite number?
False
Let c(h) = -h + 9. Let i be c(5). Let y be 4*i/16*5. Suppose -y*r - 1738 + 7563 = 0. Is r composite?
True
Let x = -87 + 12. Let h = 104 - x. Is h a prime number?
True
Suppose u - x + 4*x - 59 = 0, 3*x = -5*u + 259. Is 7130/u + 4/10 a prime number?
False
Let n be (201/6)/(2 + 828/(-416)). Suppose n - 808 = 4*w. Is w prime?
False
Suppose -173 = 2*r - 3*r - 4*q, 0 = -3*r + 3*q + 474. Let i = r + -64. Is i a prime number?
True
Let h(w) be the third derivative of 9*w**4/2 + 5*w**3/6 - 5*w**2. Let z be h(5). Let k = -327 + z. Is k composite?
True
Is (-570)/(-38)*(-862)/(-6) - 2 prime?
True
Let r be 1*-2 + 6/3. Let g(n) = -2*n**3 + 13*n**2 - 12*n**2 + 23 + 104. Is g(r) a composite number?
False
Let i(t) = -t**3 + 12*t**2 - 10*t + 1. Let o(l) = -l**3 - 2*l - 4. Let a be o(-2). Is i(a) composite?
True
Let f = 7 - 2. Suppose 3*m - 14880 = -v - 3556, -5*v = f. Let z = m - 756. Is z a prime number?
True
Is ((-20)/12)/((-15)/16326) a prime number?
False
Suppose -5*g + 76 = 3*w, -4*w - 4*g - 20 = -108. Let m = 149 - w. Suppose 3*v = -4*r + 219, 0 = 2*v - r - r - m. Is v prime?
False
Suppose 4 = 4*n - 32. Suppose 0 = -3*b + n. Suppose -3 = 6*c - 5*c, b*a + 4*c - 981 = 0. Is a a composite number?
False
Let f = 5462 + -1498. Let l = f + -293. Is l a prime number?
True
Let s be ((-4)/9)/(-2) + 282/(-54). Is (-2737)/s - 4/10 a prime number?
True
Suppose -2320 = 7*q - 8*q. Suppose -q - 3610 = -5*n. Is n a composite number?
True
Let k = 172 - 59. Is (-4 - -5)/(1/k) a composite number?
False
Suppose 0 = -7*r + 4*r - 2478. Let c be (-12)/(-30) + (-21729)/(-15). Let y = c + r. Is y a prime number?
False
Suppose 6*f = 505 + 221. Suppose 4*i = 5*c - f, 4*i = -6*c + 2*c + 104. Is c prime?
False
Let m(j) = -4*j**2 + j + 2. Let k(x) = x**3 + 6*x**2 - 1. Let f be k(-6). Let g be m(f). Is -2 - (-249 + g) - -1 a prime number?
True
Suppose 2*b = -0*b + 12. Is (-6)/4*(-8596)/b prime?
False
Suppose -16*n = -21*n - 10. Is (-6 - -2)/(-2)*(-379)/n composite?
False
Suppose 0*q - 237 = -5*y - 4*q, 2*y + q - 96 = 0. Let l = 1243 + -772. Let s = l - y. Is s prime?
False
Let v(y) = -y**3 - 4*y**2 + 11*y - 7. Let q be 18/(-2 + 3 + -3). Is v(q) a composite number?
True
Let p be -3 + 17262/8 + 4/16. Suppose 7139 = 8*s + p. Is s a composite number?
True
Let z = 5 - 1. Let g = 12 - z. Let q(l) = l**3 - 7*l**2 + 3*l - 1. Is q(g) prime?
False
Suppose 5*r + 0*r = 0. Suppose -c = 3*o - 259 - 67, -o + 4 = r. Is c prime?
False
Suppose 2*c = -8*c + 121310. Is c composite?
True
Let m(b) = -162*b + 36 + 22 - 53*b - 1. Is m(-8) a prime number?
True
Let o(v) = -v - 1. Let k(u) = 20*u**2 + 12*u + 6. Let b(h) = k(h) + 3*o(h). Let c(t) be the first derivative of b(t). Is c(4) composite?
True
Suppose 2*r + 4 = -4. Let i be r*2/(-4) + 0. Suppose 0 = -i*x - 2*b + 264, -4*x + 361 = -x - 4*b. Is x a prime number?
True
Suppose -2*m + 65 = -217. Suppose -m = -6*n + 5*n. Is n a composite number?
True
Let m(w) = -96*w - 5. Let t be m(-14). Suppose 3*q - 8193 = -3*j, 2*j - t = 5*q + 4109. Is j composite?
False
Let o = -1172 + 3829. Is o a prime number?
True
Let r = 28821 + -18864. Let t = -4868 + r. Is t a composite number?
True
Suppose 0*w = 4*w - 12. Let c be (-2)/((-5)/10 + 0). Suppose -c*b = -f + 63, -5*f + 7*b = w*b - 331. Is f composite?
False
Let m be 0*5/(-15) + 118/(-2). Let z = m + 80. Is z prime?
False
Suppose -9*h + 13*h = -3*f + 10897, 0 = 4*f - 3*h - 14571. Is f prime?
False
Let i(u) = u**2 + 3*u - 1. Let c(p) = -3*p - 2. Let m be c(2). Let q be (-2 + 6)*18/m. Is i(q) prime?
True
Let n = 57 + -54. Suppose 4*r - 235 = n*r. Is r prime?
False
Suppose -17*i + 69823 - 16052 = 0. Is i a composite number?
False
Let b(h) = -h - 3. Let j be b(-6). Let w = j - 1. Suppose -3 = -w*a + 167. Is a prime?
False
Let t(p) = 1 + 1 + 85*p - 3 + 0. Let z be t(-2). Let b = z + 758. Is b a composite number?
False
Suppose 6*f = f + 1160. Suppose c - f = 35. Is c a composite number?
True
Let r(q) = 44*q**2 - 6*q - 7. Is r(4) prime?
True
Suppose 4*c - z + 190 = z, 3*c + 141 = z. Let k = 51 - c. Is k a prime number?
True
Let f(j) = 75*j**2 + 30*j - 13. Is f(-4) a composite number?
True
Let c = 4032 - -12549. Is c composite?
True
Let j = -167 - -234. Is j composite?
False
Suppose -88465 = -5*l + 7*h - 10*h, 2*l = 3*h + 35386. Is l a composite number?
True
Let b(i) = -448*i + 2. Let r be b(-2). Let d = -1760 + 1758. Is (0 + r)*d/(-4) a prime number?
True
Suppose -3*h + 2*g = 0, 2*g + 5 = 4*h + g. Let u be h - (3 + -2)*-117. Suppose n + u = 318. Is n a prime number?
True
Is -11 + (-7 - -4282 - 6) composite?
True
Suppose -2*s - 2*y = 4, -4*s = -4*y - y + 53. Let x(q) = -7*q**3 + q**2 - q - 4. Is x(s) prime?
False
Suppose 28452 = -293*n + 299*n. Is n prime?
False
Let a(b) = 4*b**3 + 5*b**2 + 5*b + 29. Is a(8) a prime number?
True
Let q(i) = -2*i**3 - 9*i**2 - 8*i + 3. Suppose 47 = 5*z + 2*w, 3*z + w - 31 = -3*w. Let x = -15 + z. Is q(x) composite?
True
Let q = -9667 + 15474. Is q a composite number?
False
Let q(o) = -o**3 + 15*o**2 + 21*o + 12. Let d be q(12). Suppose -1399 - d = -5*k. Is k a prime number?
True
Suppose s + 4 = n, -4*s + 5 = 5*n - 2*n. Suppose -n*x = 2*r - 707, x + r = -r + 237. Is x a composite number?
True
Suppose 706 = 3*z - 4*o - 0*o, 4*o = 2*z - 464. Let d = z - -627. Is d prime?
False
Let w(z) = -168*z + 37. Is w(-12) a prime number?
True
Suppose 2*c = -m + 6*m - 7, -4*m + 3 = c. Let g be m + 0/(-6 - -3). Is 4 + (4 - g) - -3 a prime number?
False
Let u = 75 - 73. Suppose -5*c + u*z = -342 - 447, -783 = -5*c - z. Is c prime?
True
Suppose 2*v - 3*l = 4*v + 15, 1 = -l. Let b(o) = 29*o**2 + 7*o + 1. Is b(v) prime?
False
Let c(u) = u**2 - 3*u - 11. Let n be c(5). Is (289/(-3))/(n/3) prime?
False
Let f(b) = 189*b**2 - 14. Is f(5) a prime number?
False
Let o(v) = -v**3 + 3*v**2 + 6*v - 5. Let i be o(4). Let a be (2 - i)*-22 - -3. Suppose -4*f + 771 = -l, -4*l + a = l. Is f composite?
True
Suppose -g + 817 - 214 = 2*y, y - 318 = 5*g. Suppose -4*h = 5*n - 24 - 8, 2*h + 4*n - 22 = 0. Suppose -y = -h*o + 78. Is o prime?
True
Let t = -128 + 131. Is (-974)/t*5/((-30)/9) a prime number?
True
Let t = 702 + -1249. Let a = t + 966. Is a prime?
True
Let f be (-4)/3*(-27)/(-6). Let q(b) = -b**3 - 7*b**2 - 7*b - 2. Let r be q(f). Suppose 5*w = -p + 127, -4*w + 539 = r*p + 31. Is p prime?
True
Suppose -4*i + 2*x + 0*x = -1916, 2*x = 8. Is i prime?
False
Suppose 5 = a + 3*a - b, a - b - 5 = 0